*k = -355. Calculate the remainder when k is divided by 24.
23
Let l(v) = -2*v - 2. Let j be l(-1). Suppose 3*y - 5 - 10 = j, 5*d - 2*y - 65 = 0. What is the remainder when 58 is divided by d?
13
Suppose 0 = 2*s - 4 - 2. Suppose -4*f - 2*q + q = 0, 5*f = -2*q. Suppose f = -2*j - 2*d + 8, 22 = 4*j + 2*d. What is the remainder when j is divided by s?
1
Let w = 16 + -6. Suppose -w*i = -14*i + 44. What is the remainder when (-4)/2 - 0 - -23 is divided by i?
10
Let u be 0*((-36)/(-8))/(-9). Suppose -5*y = 2*m - 127, u*y - 49 = -2*y + m. Calculate the remainder when y is divided by 13.
12
Let s = 207 - 203. Calculate the remainder when 82 is divided by s.
2
Let i be 8/(-4) + (-3)/((-6)/(-370)). Let r = 318 + i. Calculate the remainder when r is divided by 19.
17
Suppose -5*k - i - 695 + 4475 = 0, -1509 = -2*k - i. What is the remainder when k is divided by 5?
2
Let f be 1*(-53)/4*-4. Let u = 60 - f. Calculate the remainder when 33 - (-1)/(1*-1) is divided by u.
4
Let d = 78 - 64. Suppose n = -5*l + 154, -l - 3*n + 28 + d = 0. What is the remainder when l is divided by 16?
14
Suppose 5630 = 47*z - 9974. What is the remainder when z is divided by 84?
80
Let u be ((-6)/(-5))/(4/30). Let n = 22 + 12. What is the remainder when n is divided by (-3)/u - (-56)/6?
7
Suppose 467 + 85 = 12*g. Suppose -5*l = -2*q - 60, 2*l = -2*l + 2*q + g. Calculate the remainder when l is divided by 5.
4
Let l be 26/6 - 2/(-6)*-1. Suppose 21 = l*j - 63. What is the remainder when 60 is divided by j?
18
Suppose 0*a + 6*a - 66 = 0. Let n = a - 5. Calculate the remainder when 9 is divided by n.
3
Suppose s + 5*v + 11 = 3*s, -5*v + 115 = 5*s. Let a(u) = 5*u**3 - 10*u**2 + 25*u. Calculate the remainder when a(2) is divided by s.
14
Let i = 51 + -27. Suppose 2*w - 8 = -4*s - 2, -21 = -4*w - 5*s. What is the remainder when i is divided by w?
6
Let g = -60 + 86. What is the remainder when (-944)/(-2360) + ((-1266)/10)/(-1) is divided by g?
23
Let s be 1631/(-35) - 4/10. Suppose 4*m - 40 = -5*a - 0*m, 4*m = -a - 8. What is the remainder when (s/4)/((-1)/4) is divided by a?
11
Let d be (-1592)/(-36) + (-4)/18. Suppose 4*k = 12 + d. Suppose 16*m - k*m = 134. Calculate the remainder when m is divided by 14.
11
Let a(w) = w**2 - 8*w - 2. Let s be a(7). Let o = s - -11. Calculate the remainder when (-81)/6*o/(-3) is divided by 5.
4
Suppose 4*c = 2*d + 2618, 0 = 2*c + 2*d - 14 - 1310. Calculate the remainder when c is divided by 6.
3
Let y(g) = g**2 - 6*g + 5. Let h be y(8). Let q = h - 0. Calculate the remainder when ((-7)/(-3))/(1/q) is divided by 17.
15
Let m(n) = 2*n**3 + 45*n**2 + 21*n - 11. What is the remainder when 184 is divided by m(-22)?
8
Suppose m - 5*p + 57 = -3*m, -3*p = -3*m - 39. Calculate the remainder when ((-513)/(-36))/(6/m - -1) is divided by 30.
27
Let a = 4 + 2. Let w(b) = 16*b - 175. Calculate the remainder when w(12) is divided by a.
5
Suppose 4*c = 19 - 7, -3*v + 5*c = -165. What is the remainder when v is divided by 45?
15
Suppose -3*m - z + 81 = 0, 3*m - 8 = -5*z + 61. Let s = 35 - m. Let h(q) = 6*q - 5. What is the remainder when h(5) is divided by s?
4
Suppose 3*b - f + 40 = -3, 5*b = -2*f - 68. Let w(q) = q**2 + 12*q + 20. What is the remainder when w(b) is divided by 26?
22
Let u be (-3)/(-3) + 17 - 1. Suppose -z = 5 - u. Calculate the remainder when 59 is divided by z.
11
Let d(a) = a**3 + 16*a**2 - 32*a + 14. Calculate the remainder when d(-17) is divided by 13.
9
Let i = -26 - -41. Calculate the remainder when 1/4 - 705*6/(-72) is divided by i.
14
Suppose 2*z - 10 = 0, 5*h + 4*z + 0*z - 35 = 0. What is the remainder when (-46)/(-14) - h - 446/(-7) is divided by 13?
12
Let a(g) = 3*g + 4. Let c be a(-5). Let n = -14 - c. Let r(f) = -3*f**3 + f**2 + f - 2. What is the remainder when r(n) is divided by 22?
19
Let s = 257 + -132. Suppose s = 5*r + 5*z, -5*r - 34 = z - 139. What is the remainder when 77 is divided by r?
17
Let b = -20 - -37. Let g be (6 - 4) + (-422)/(-2). Suppose 2*v = m - 57, 5*m = -5*v + g + 12. Calculate the remainder when m is divided by b.
15
Let h(a) = -86*a - 66. Calculate the remainder when 48 is divided by h(-1).
8
Let y(s) = 78 - s - 67 + 0*s. What is the remainder when 9 is divided by y(9)?
1
Suppose -5*g - u - 27 + 169 = 0, 5*g - 136 = 2*u. Let r(c) = c**2 + 11*c + 6. Let v be r(-11). What is the remainder when g is divided by 6/(-9)*(-135)/v?
13
Suppose -3*w + 9 = 0, -w - 4*w - 10 = -5*s. Suppose 12*h = s*h + 196. What is the remainder when 68 is divided by h?
12
Let d(y) = -y**3 + 25*y**2 + 56*y - 35. What is the remainder when d(27) is divided by 14?
5
Let v = -21 + 12. Let j be v/6*(-8)/6. Suppose q - 3 = -j*q, -5*h = q - 61. Calculate the remainder when 45 is divided by h.
9
Let y be (-3)/18 - 868/(-24). Suppose -114 - y = -5*j. Let x(l) = -l + 1. Calculate the remainder when j is divided by x(-7).
6
Let g be (4/3)/((-6)/(-1233)). Suppose 3*a = -5*i + g, -13 = -4*a - 1. What is the remainder when i is divided by 73/4 + 5/(-20)?
17
Let b = -1359 - -1501. Suppose 0 = 2*w - i - i - 50, 3*i = -2*w + 70. Calculate the remainder when b is divided by w.
26
Let j(o) = -5 - o**3 - 2*o + 0*o**3 + 0*o - 59*o**2 + 64*o**2. What is the remainder when 3 is divided by j(4)?
0
Let o = 414 - 57. Calculate the remainder when o is divided by 20.
17
Suppose -89*a + 84*a + 2685 = 0. Calculate the remainder when a is divided by 6.
3
What is the remainder when ((0 - -10)/20)/((-2)/(-524)) is divided by 124?
7
Calculate the remainder when 191 is divided by 2618/84 - 10/(-12).
31
Suppose 4624*n - 4615*n - 72 = 0. What is the remainder when n is divided by 2?
0
Let f(r) be the third derivative of -r**4/4 - 3*r**3 + 6*r**2. What is the remainder when 28 is divided by f(-5)?
4
Suppose -j = -0*j - 4. What is the remainder when j is divided by 221/26*(-12)/(-51)?
0
Let g = -909 - -973. What is the remainder when g is divided by 17?
13
Suppose 2*h = -20*h + 374. Let s(o) = o**2 - 2*o - 1. What is the remainder when h/102 - (-11)/6 is divided by s(3)?
0
Suppose 7 = -6*u + 7*u. Let j(p) = -5*p - 31. Let l be j(-18). Let d = l - 32. Calculate the remainder when d is divided by u.
6
Suppose 0 = a - 0*a - 15. Suppose 16*v - 11*v = -180. Let y = v - -63. What is the remainder when y is divided by a?
12
Let f(z) = z**2 + 6*z + 19. Let g be ((-1)/2)/((-1)/(-12)). Calculate the remainder when 75 is divided by f(g).
18
Suppose -5*y + 4*n = 2*n - 315, -4*y + 252 = -n. Let i = -5 + 21. What is the remainder when y is divided by i?
15
Let w(y) = 35*y - 3 + 3. Let f be 7/4 - (-100)/400. Calculate the remainder when w(f) is divided by 18.
16
Let d(u) = -5*u. What is the remainder when 86*(77/(-14) + 6) is divided by d(-3)?
13
Let s(g) be the first derivative of g**2 + 5/3*g**3 - 4*g + 1/4*g**4 - 1. Calculate the remainder when 6 is divided by s(-4).
2
Calculate the remainder when 61 is divided by (-8 + -8 + 17)*31.
30
Suppose 5*r = -b - 20, -6*b + 4*b - r + 5 = 0. Suppose -b*d - 5*a + 35 = -2*d, -a = -2*d + 45. What is the remainder when 23 is divided by 250/d - 1/2?
11
Let q(d) = d**3 - 7*d**2 + 2*d + 9. Let f be q(5). What is the remainder when 209 is divided by (-1)/((-1)/(4 - f))?
34
Suppose -5*h = -15*a + 13*a + 47, -30 = -5*a - 5*h. Calculate the remainder when 1186 is divided by a.
9
Let y = 321 - 259. Calculate the remainder when y is divided by 17.
11
Suppose q = 0, -q + 9 - 43 = -2*t. What is the remainder when 62 is divided by t?
11
Suppose 3*y - 126 = -4*y. What is the remainder when 555 is divided by y?
15
Let w = 289 + -285. Calculate the remainder when 15 is divided by w.
3
Let b be -4 + 3 + 0 + 4. Suppose 4 = b*z - z. Suppose -5*a + 103 = z*m, -3*a + 3*m = -2*a - 24. What is the remainder when a is divided by 12?
9
Let y(n) = 9*n**2 + 2*n + 27. What is the remainder when y(-3) is divided by 1/(((-6)/(-52))/3)?
24
Let u = 321 - 284. Calculate the remainder when u is divided by 8.
5
Let u = 66 + 3. Let b = 140 - u. What is the remainder when b is divided by 24?
23
Let g(o) = o**2 + 7*o + 9. Let k(h) = h**2 + 6*h - 2. Let p be k(-8). Suppose m + p = 3*m. Calculate the remainder when m is divided by g(-6).
1
Suppose 14*o - 17*o + 39 = 0. Calculate the remainder when 63 is divided by o.
11
Suppose q - 203 = 2*t, 0 = 3*q + 22*t - 20*t - 633. What is the r